-1
Let s be (25/5 - 6) + 4 + -6. Let u(a) = 2*a**2 - a. Determine u(s).
21
Let s = -55 + 53. Let d = -6 - s. Let a(z) = -z**2 - 2*z. Calculate a(d).
-8
Let f be 116/16 - 5 - (-2)/(-8). Let b(j) = -7*j - 3307*j**2 + 3306*j**f + 5 - 4*j. Give b(-11).
5
Let m(s) = -s - 1. Let b(t) = -t + 1. Let x be b(-1). Suppose l = 32 - x. Suppose 7*w - 2*w + l = 0. Calculate m(w).
5
Let r = 11 + -4. Suppose -r = -0*h - h. Let f(o) = 5*o**3 - 4*o**2 + 4*o - 11. Let x(l) = -l**3 - l**2 + l + 2. Let s(v) = -f(v) - 4*x(v). What is s(h)?
-4
Let g be 3/1 - (-2)/(-8)*4. Let y(n) = -98 - 93 - n - n**g + 193. What is y(-2)?
0
Let d(v) = -2*v - 8. Let t(i) = 0 + 7 + 11 + 0 + 5*i. Let z(b) = -7*d(b) - 3*t(b). What is z(-6)?
8
Let d(s) = -2*s + 3. Suppose -7*t + 10 = -25. Suppose 0 = t*u - 60 + 25. Calculate d(u).
-11
Let m(p) = p - 4*p + p - 24 + 0 + 0*p. Calculate m(-9).
-6
Let n be (-6)/5*(-20)/8. Suppose 0 = -n*f + 5*l - 4 + 20, 0 = -4*f + 3*l + 14. Let g(y) = 3 + 5 - f*y - 2. Calculate g(4).
-2
Let w = 14 - 12. Let u(l) = -l**3 - l**w - 490*l + 490*l - 2. What is u(-2)?
2
Let w(k) be the third derivative of -k**5/60 - k**4/6 - k**3/2 + 61*k**2 + 3. Suppose 1 - 13 = 4*h. Determine w(h).
0
Suppose -2*b + 3*b - 8 = -2*u, -3*b - 4*u + 24 = 0. Let k(p) = -3*p + 8. Determine k(b).
-16
Let l(a) = 60*a - 127*a + 66*a - 8. Suppose -4*n + 2*n - 16 = 0. Give l(n).
0
Let u(r) = 5*r - 3. Let f(d) = 4*d + 28. Let p be f(-6). Suppose -k - 28 = -p*z - 5*k, 3*k - 9 = z. What is u(z)?
12
Let c(m) = m**2 + 8*m + 12. Let o be c(-5). Let h(a) = 2*a**2 + a. Give h(o).
15
Suppose 10*c = 5*c + 20. Let w(i) = -3*i + i**2 - 14 + 3 + 9. What is w(c)?
2
Let s = -836 - -838. Let z(x) = -x**3 + 3*x**2 - 5*x. Calculate z(s).
-6
Let d(z) = 7*z**2 - 5. Let p(l) = -15*l**2 + l + 10. Let t be (52/6)/(6/(-9)). Let w(i) = t*d(i) - 6*p(i). Give w(-6).
5
Let f(h) be the third derivative of h**6/60 + h**5/15 + 2*h**3/3 - 3*h**2. Let p(w) = -17*w - 71. Let y be p(-4). What is f(y)?
-14
Suppose 0 = 2*f - 10 - 2. Let u(l) be the second derivative of 6*l + 1/6*l**3 - 1/2*l**2 + 0. Determine u(f).
5
Suppose 10*q - 28 = 42. Let o = q + -9. Let v(x) = 7*x - 2. Determine v(o).
-16
Let a(y) = -2*y - 1. Let j(q) = q**2 - 9*q - 8. Let u(g) = 6*a(g) - j(g). What is u(-5)?
-8
Let b be 12/1*((8 - 4) + -1). Suppose 21*w = 15*w - b. Let m(q) = -q**3 - 7*q**2 - 6*q. What is m(w)?
0
Let d(m) = 4337 - m - 4337. Determine d(5).
-5
Suppose -3*z + 14 = 2. Let s(r) = 5*r + 4 - 4 - 2. What is s(z)?
18
Let y = 2 - 1. Let n be (y + -2)*(-12)/(-2). Let s(f) = 2 + 0*f**2 + 44760*f + f**2 - 44754*f. Calculate s(n).
2
Let k(s) = -35 + 67 - 36 + s. Give k(4).
0
Let v(l) be the third derivative of l**6/120 + 7*l**5/30 - 2*l**4/3 - l**3 - 448*l**2. Give v(-15).
9
Let t(q) = q + 6. Let p be t(6). Suppose 0 = 3*u - p, -4*n - u + 30 = -10. Let z(h) = -h**2 + 9*h + 9. What is z(n)?
9
Let j(t) = 16*t**2 - 15*t - 23. Let z(m) = -9*m**2 + 7*m + 12. Let c(i) = -4*j(i) - 7*z(i). Determine c(13).
-18
Let g(b) = 6*b - 4 - b**3 + 2*b**3 - 8*b**2 + 3*b**2. Suppose -45 = -5*z + 5*c, -3*c - c - 20 = 0. Determine g(z).
4
Let s(y) = y + 10. Suppose -5 = 4*a + 87. Suppose 23*w = -231 - 160. Let x = a - w. Calculate s(x).
4
Let p(f) = 69*f + 3 - 69*f + 3*f**2 + f**3 + f**2. Give p(-4).
3
Let h(y) = 2*y - 3 + 3*y**2 - 6*y**2 + 7*y**2. Suppose 6*t - 10 = t. Give h(t).
17
Let z(q) be the second derivative of q**5/20 + 19*q**4/12 - 3*q**3 + 49*q**2/2 + 501*q. Give z(-20).
9
Let m(g) = 9*g. Let f be (2*2)/(2*(6 - 7)). Determine m(f).
-18
Let j(q) = -q + 2. Let g be j(-2). Let o(b) = 3 + g + 10 - b. Give o(0).
17
Let b(c) be the second derivative of -c**5/10 - c**4/12 + 5*c**3/6 + 2*c**2 + 185*c + 1. Determine b(-2).
6
Let j(a) = 2*a**2 + 3. Let v(c) = 2*c**2 - c + 3. Let d(x) = 3*j(x) - 2*v(x). Let r(u) = u + 1. Let t(h) = d(h) - 4*r(h). Let y = -5 - -7. Give t(y).
3
Let k(t) = t**2 - 8*t + 9. Let v = -569 + 577. Give k(v).
9
Let d be ((-2)/2)/((-90)/2250). Let o(m) = -m**3 + 24*m**2 + 24*m + 22. Give o(d).
-3
Let r(i) = -i**3 - 6*i**2 - 4. Let y = 44 + -11. Suppose -k = -5*k + 4*s - 12, 5*s + y = -k. Let v = k + 2. What is r(v)?
-4
Let x(l) = -l**3 + 3*l**2 + 2*l - 6. Let w be 120/32 - (-2)/8. Let s = 12 + w. Let r be (-4)/s - 51/(-12). What is x(r)?
-14
Let p(f) be the second derivative of -7*f**5/20 - f**4/12 + f**3/3 - f**2/2 + 12*f. Let k be ((-4)/(-1))/(14/7). Let q = k - 1. What is p(q)?
-7
Let n(w) = w + 10. Let q be 216/(-22) + (-14)/77. Let m be n(q). Suppose -5*s - v - 15 - 6 = m, 0 = v + 1. Let h(k) = k**2 + k + 3. Calculate h(s).
15
Suppose 100*d = 101*d + 4. Let p(u) = -5*u - 2. Let w(x) = 6*x + 2. Let f(a) = -4*p(a) - 3*w(a). Calculate f(d).
-6
Let f(h) = 5*h - 1. Let d = 32 + -23. Suppose 4*x - 5*v = 1 + 13, x - d = 4*v. Calculate f(x).
4
Let n = -670 + 679. Let m(o) = o**2 - 7*o + 4. Determine m(n).
22
Let v(a) = 7*a**2 - a + 1. Let z(h) = 2*h**3 - 20*h**2 - 9*h + 89. Let c be z(10). Give v(c).
9
Let i(o) = -3*o**2 - 1. Let k(x) = x**3 + 19*x**2 + 8*x + 7. Let w(v) = 3*i(v) + k(v). Calculate w(-9).
13
Let x(k) = k**2 - 11*k + 3. Suppose 2*p - 17 = -5*u, 5*p + 3*u = 7*p - 25. Calculate x(p).
3
Let k(g) be the first derivative of -g**5/20 + g**4/6 - g**2/2 + 50*g + 36. Let o(i) be the first derivative of k(i). Calculate o(-2).
15
Let t = 47 - 26. Suppose -5*w - t = 2*w. Let x(n) = n**2 + 5*n + 4. Give x(w).
-2
Let g(k) = 4*k**2 + 13*k + 3. Suppose 12*x = 14 - 62. Determine g(x).
15
Suppose -5*n + 7 = -q, 2*n = 2*q + q - 5. Suppose -4*l = -q*d, 2*d - 12 - 8 = -4*l. Let b(a) = a**3 - 5*a + 2. Calculate b(l).
14
Let n(r) = 14*r - 1. Suppose 4*v - 28 = -5*x, 6*x - 2*x = 3*v - 52. Suppose 3*s - s + 2*u - 2 = 0, -4*u = -4*s - v. Calculate n(s).
-15
Let o = -22 + 31. Let z(x) = o - x + x + 2*x - 10. Suppose 9 = -2*h - h - 4*n, h + n + 2 = 0. Calculate z(h).
1
Let v(g) = -g**3 - 5*g**2 + g - 1. Let h be (5/2)/((-36)/8 - -4). Let i be 0 + 1 + h - 1. Determine v(i).
-6
Let k(f) be the third derivative of f**5/30 + 5*f**4/24 - 2*f**3/3 - 97*f**2. Calculate k(-6).
38
Let c(j) = 4*j - 9. Let w(p) = -21*p + 46. Let b(g) = -11*c(g) - 2*w(g). Let s = 38 - 44. Let i(v) = 3*v - 13. Let r(h) = s*i(h) - 11*b(h). What is r(2)?
9
Suppose -3 = -2*k - 41. Let d = 22 + k. Let a(f) = 6*f**3 - 3*f**3 + f + 7 + 7*f**2 - f**d - f**3. Give a(-7).
0
Let n(z) = 5*z**3 + z**2 - 7*z + 24. Let l(i) = -16*i**3 - 3*i**2 + 19*i - 67. Let s(r) = -4*l(r) - 11*n(r). What is s(-2)?
-66
Let w(x) = -x**2 + 8*x + 9. Let u(y) = -y**2 + 10*y + 10. Let g(k) = -2*u(k) + 3*w(k). What is g(5)?
2
Suppose 3*n - 2*a - 27 = a, 5*a = -20. Let i(h) be the second derivative of -h**3/6 + 7*h**2/2 - 282*h. What is i(n)?
2
Let d(y) be the second derivative of -y**6/120 - y**5/12 - y**4/8 + y**3/6 - 3*y**2 + y. Let b(k) be the first derivative of d(k). Give b(-3).
-8
Suppose 0 = -4*r + 4*u + 44, u - 50 = -4*r - u. Suppose 0 = -4*t + 12, s + 3*t + r = 8*t. Let d(j) = j**3 - j**2 - 2. Give d(s).
16
Let d be (-5 - 127/(-25)) + 204/(-50). Let r(j) = -1 + 4*j + 1 - j**3 - 3*j**2. What is r(d)?
0
Let t be (6/4 - (-9)/(-18))*-2. Let j(l) = l**3. Calculate j(t).
-8
Let s(d) = -6*d**3 + 4 - d**2 + 4*d - 7 + 5*d**3 + 2. Let p be s(-3). Suppose 2*y + y = -2*n, y - n - p = 0. Let g(b) = b**3 - 4*b**2 + 4*b - 3. Determine g(y).
-3
Let m(h) be the first derivative of -3*h**2/2 + 7*h - 1. Let i be (-16 - (-1224)/85)*15/(-4). What is m(i)?
-11
Suppose 0 = 6*d - 2*d - 16. Let i(k) = 6*k**2 - 3 - d*k**2 - 3*k**2. Let o = 134 + -134. What is i(o)?
-3
Suppose 25 = -5*g, 0*s + 2*s - 10 = 2*g. Suppose 2*c = -3*c - s*c. Let t(o) = o**2 + 1. What is t(c)?
1
Let u = 196 + -194. Let t(j) be the second derivative of 0 - 1/2*j**u + 1/3*j**3 + 2*j. What is t(-2)?
-5
Suppose a + 10 = -4*a - 3*o, 3*a + 5*o = 10. Let q(v) = -v**2 - 7*v - 3. Calculate q(a).
7
Let o(q) = q**2 - q**2 + q**2 + 0 + 5*q + 1. Suppose 10*w + 17 + 53 = 0. Let p(d) = 4*d + 24. Let k be p(w). What is o(k)?
-3
Let z(m) = 4*m + 3. Let g(q) = -9*q - 7*q - 5 + 7*q. Let x(i) = -2*g(i) - 5*z(i). Determine x(-4).
3
Let g(v) = -v**3 - 10*v**2 + v - 9. Suppose 5*q = 2*d + d - 59, -2*d + 6 = 0. Calculate g(q).
-19
Let l(x) = -x**3 - 3*x**2 + 1. Let u(p) = -p**3 + 3*p**2 + 3*p + 2. Let s be u(4). Let z be l(s). Let c(m) = m**3 + 4*m**2 + m + 4. Determine c(z).
10
Let p = 